se -2*q = 2*q - c. List the prime factors of q.
2
Suppose 4*q + 402 = 7*q. Suppose 118 = j - q. What are the prime factors of (10/8)/(9/j)?
5, 7
Let d = -13 - -7. What are the prime factors of (-16)/(-12)*-2*d?
2
Let g(n) be the first derivative of -n**2/2 + 11*n + 4. Let a be g(8). Suppose 2*b - 3*x - 11 = 2*x, a*x + 57 = 4*b. What are the prime factors of b?
2, 3
Let y = 24 + -22. Suppose -3*m + 337 = y*m + 2*b, -4*m - b = -269. What are the prime factors of m?
67
Let q(u) = 4*u - 11. Let s be q(4). Suppose -n + h - 24 + 316 = 0, -1460 = -s*n + 3*h. List the prime factors of n.
2, 73
Let u = 25 + 28. Let f = u - -14. What are the prime factors of f?
67
Let o be 2 - (0 - (7 - 3)). Let g = 4 - o. Let b = g - -36. What are the prime factors of b?
2, 17
What are the prime factors of (-1 - 2854 - 3)*(21 - 22)?
2, 1429
Let c = -372 + 407. What are the prime factors of c?
5, 7
Let u(s) be the third derivative of s**5/30 - s**4/3 - 8*s**3 + 8*s**2. What are the prime factors of u(11)?
2, 53
Let u be -2 + 4 + (3 - 5)/1. Let s(t) = 5*t - 1. Let w be s(7). Let v = w - u. What are the prime factors of v?
2, 17
Suppose 3 = y - 21. Let f = y - 3. Suppose -5*b + 61 = 2*g, -2*g - f = -3*b + 2*g. List the prime factors of b.
11
Let u(a) = -100*a**3 + 4*a**2 - a. Let z be u(-1). Let i(h) = h**2 - 3*h + 4. Let j be i(3). Suppose 0 = d + j*d - z. What are the prime factors of d?
3, 7
What are the prime factors of (-177)/((-74)/(-260) + 12/(-30))?
2, 13, 59
Suppose -7*a - 10 = -752. What are the prime factors of a?
2, 53
Let s be (19 + -24)*(-4)/5. Suppose -234 = -3*q + 3*x, 2*x + s = -2*q + 148. What are the prime factors of q?
3, 5
Suppose g - 491 = 4*n, 3*n + 5*g + 102 + 272 = 0. Let z = -8 - n. What are the prime factors of z?
5, 23
Let b = 18 - 9. Let j be 1*6/(-7)*7. Let l = b - j. List the prime factors of l.
3, 5
Let j = -2461 - -5728. List the prime factors of j.
3, 11
Let y(z) = -71*z + 29. What are the prime factors of y(-7)?
2, 263
Let n(s) = 20*s + 8. Suppose -3*l + 4*r = -23, -2*r + 21 = 3*l + 2*l. List the prime factors of n(l).
2, 3
Let r = 7 - 5. Suppose -2*f + 10 = 2*k, -r*k + 0*k + 10 = -f. Suppose f*t - t + 5 = 0. What are the prime factors of t?
5
Suppose 704 - 3336 = -4*d. What are the prime factors of d?
2, 7, 47
Let q(t) = -t**2 + 3*t + 10. Let v be q(7). Let f = v - -30. List the prime factors of f.
2, 3
Let z(h) = 2*h**3 - 5*h**2 - 2*h + 6. Let w(b) = b**3 - 6*b**2 - 2*b + 5. Let o(c) = -3*w(c) + 2*z(c). List the prime factors of o(-5).
2, 31
Let i = 63 - 70. Let w(s) = s**3 + 8*s**2 + s - 2. What are the prime factors of w(i)?
2, 5
Let s be (-16)/40 - 134/(-10). Suppose -k + 6 - 23 = -4*x, 0 = -5*x + 4*k + s. Let h = 14 + x. What are the prime factors of h?
19
Let w be (20/60)/(2/(-1122)). Let n = w + 400. What are the prime factors of n?
3, 71
Let x(q) = 4*q**3 + 17*q**2 + 23*q - 9. Let u(j) = -5*j**3 - 18*j**2 - 23*j + 9. Let h(s) = 3*u(s) + 4*x(s). What are the prime factors of h(-8)?
191
Suppose 0 = -13*t + 94487 - 37456. What are the prime factors of t?
41, 107
Let s = 240 + 45. What are the prime factors of s?
3, 5, 19
Suppose -28 + 4 = -2*g - 4*w, -5*g + 30 = 4*w. Suppose -g*b + 40 = -50. List the prime factors of b.
3, 5
What are the prime factors of 175/(1*(-4 + 5))?
5, 7
Suppose -308*i = -2*f - 309*i + 5995, 14984 = 5*f - i. List the prime factors of f.
3, 37
Let i be ((-225)/(-6))/(3/12). Suppose 15 = 3*x + i. Let d = 25 - x. List the prime factors of d.
2, 5, 7
Let f(z) = 368*z**2 + 11*z - 21. List the prime factors of f(2).
3, 491
Let l(k) = -k**2 - 83*k. What are the prime factors of l(-18)?
2, 3, 5, 13
Let c = -72 + 69. What are the prime factors of -3*146/(-6) + c?
2, 5, 7
Let n = -1401 - -2329. What are the prime factors of n?
2, 29
Let o = -26 - -31. Suppose w = -4*k + 407, -5*k - o*w - 209 = -729. What are the prime factors of k?
101
Suppose -x - 105 = -2*x. Let w = x - -7. List the prime factors of w.
2, 7
Suppose 0 = 4*n - 0*n. Suppose -5*j + j + 316 = n. List the prime factors of j.
79
Let u(j) = -j**3 - 22*j**2 + 22*j - 13. Suppose -6*k = 188 - 50. What are the prime factors of u(k)?
2, 5
Let i(s) = -s + 22. Suppose 7 + 11 = 2*w. What are the prime factors of i(w)?
13
Let w(y) = 27*y - 18. Let v(u) = -u + 1. Let d(b) = -6*v(b) - w(b). List the prime factors of d(-6).
2, 3, 23
Let m(y) = 5*y - 23. Let r(i) be the first derivative of -i**2 + 2*i - 6. Let p be r(-4). What are the prime factors of m(p)?
3
Let q = 6 - 50. What are the prime factors of 199/4 - (-33)/q?
7
Let j(n) = 2*n**3 + n**2 - 3*n + 13. Let k be j(-3). Let w(t) = t**2 + 22*t + 35. List the prime factors of w(k).
2, 29
Suppose 2*h - 12 = -2*h. Suppose -h*w = -2*u - 20, 3*u + 2*u = 25. List the prime factors of ((-168)/(-35))/(2/w).
2, 3
Suppose -3*f + 2*f + 7 = 0. List the prime factors of 214/f - 6/(-14).
31
Suppose 3*v - 2811 = 1074. What are the prime factors of v?
5, 7, 37
Let b = -12 - -12. Suppose -p + 3 = -b*p. List the prime factors of (4 + 0)/(p/6).
2
Let z(x) be the second derivative of -x**4/12 - 2*x**3/3 + 46*x**2 - x. What are the prime factors of z(0)?
2, 23
Suppose -4*h + 5 = -3. Suppose -x - 7 = -h*x. List the prime factors of (-5 + x)/((-4)/(-54)).
3
Suppose 3*v + 3*s = 18, -5*v + 34 = 2*s + 2*s. Suppose 4*z - 2 = v. Suppose -d - 105 = -2*p, 0 = 2*p + z*d - d - 102. What are the prime factors of p?
2, 13
Let r(j) = j**3 - 14*j**2 + 11*j + 91. List the prime factors of r(20).
2711
Let r = 25 + -5. What are the prime factors of ((-1)/(-5))/(r/5150)*2?
103
Suppose -4*v = 4, -v - 1755 = -5*d + 651. What are the prime factors of d?
13, 37
Let i = 1425 - 964. What are the prime factors of i?
461
Suppose -211 + 7 = -6*o. Suppose -m = -4*u - 12 + o, 5*u = 4*m + 22. List the prime factors of u.
2, 3
Let j(z) = -z**2 + 10*z + 9. Suppose 3*l = 3*b + 69, 0 = 5*l - 4*b - 62 - 52. Let m = l - 13. List the prime factors of j(m).
2, 3
Suppose 2*u + 10 = -2*m, m + 0*m = 4*u + 15. Let r = u + 4. List the prime factors of 32 + r/(1 + -4).
2
Let l = 33 - 1. Suppose -4*q + l = -48. What are the prime factors of q?
2, 5
Suppose -3*d + 20 = -d. Suppose -d*b + 30 = -8*b. Suppose -m + 0*m + 3*r + b = 0, -4*r + 60 = 4*m. List the prime factors of m.
3, 5
What are the prime factors of -6 - (538/(-4))/((-29)/(-928))?
2, 7, 307
Let n be 12/54 + (-11)/9. Let x(k) = -24*k - 2. Let p be x(n). Suppose -5*c + p = w, -2*w - c = -5*c - 44. List the prime factors of w.
2, 11
Let f(g) = g + 1. Let o(t) = -21*t - 9. Let p(v) = 22*f(v) + 2*o(v). What are the prime factors of p(-4)?
2, 3, 7
Let g be (1*27)/(24/16). Let x be 48/g - 2/(-6). Suppose -f - x*f = -44. List the prime factors of f.
11
List the prime factors of (-5385)/(-4)*(-324)/(-243).
5, 359
Let i = -64 - -34. Let b be (-1)/(-1 - i/33). Let o = -9 + b. What are the prime factors of o?
2
Let a be (-18)/(-12) - 171/(-2). List the prime factors of (a/1)/((-63)/(-42)).
2, 29
Let w = 4868 - 2138. What are the prime factors of w?
2, 3, 5, 7, 13
Suppose 3*c + 6 = 0, c + 3173 = h + 771. What are the prime factors of h?
2, 3, 5
List the prime factors of (-12)/(-24)*-12 + 1*651.
3, 5, 43
Let o(u) = 44*u**3 - 4*u**2 - 23*u + 68. List the prime factors of o(3).
1151
Let h(a) = -24*a - 5. Let i be h(-5). Let o be (24/(-30))/((-2)/i). Suppose -2*k + o = 6. List the prime factors of k.
2, 5
Suppose 0*d - 2*d = 12. Let n(u) = -6*u - 6. Let h be n(d). Suppose 3*z = 5*l - 79, -2*l + 2*z + h = -0*l. What are the prime factors of l?
17
Suppose 4*b + 20 = -3*r + r, 5 = r - b. Suppose 10*w + 2 - 1072 = r. List the prime factors of w.
107
Let o = -73 + 77. Suppose 2*r - 112 = 4*q, -o*r + q + 8 + 188 = 0. What are the prime factors of r?
2, 3
Let p(k) = -k**3 - k**2 + k - 7. Let t be p(-3). Let u = t - -63. What are the prime factors of u?
71
Let j(r) = 8*r - 8 + 35 - 12*r. What are the prime factors of j(-5)?
47
Let p = -15 - -13. Let z be (-5 - -8)/((-3)/p). Suppose -g - z*x + 5*x + 18 = 0, 3*g = 4*x + 54. What are the prime factors of g?
2, 3
Let b(l) = l**2 - 23*l + 28. List the prime factors of b(42).
2, 7, 59
Let n be -2 + 52/(-65)*(-10)/4. Let r = 12 + n. List the prime factors of r.
2, 3
Suppose z - 15 = -13. Suppose 0 = h - 4*f - 67, -h - z*f + 37 = -0*h. What are the prime factors of h?
47
Suppose 0 = 15*z - 31*z + 3307